lculate the remainder when 125292 is divided by 2000.
1292
Calculate the remainder when 2402669 is divided by 2556.
29
What is the remainder when 28693 is divided by 1966?
1169
Calculate the remainder when 12395690 is divided by 688.
682
What is the remainder when 142356842 is divided by 23726136?
26
What is the remainder when 40541 is divided by 12553?
2882
What is the remainder when 21686 is divided by 7095?
401
What is the remainder when 177146 is divided by 25188?
830
What is the remainder when 18487082 is divided by 2054120?
2
Calculate the remainder when 4721746 is divided by 243.
13
What is the remainder when 7085709 is divided by 48?
45
Calculate the remainder when 502733164 is divided by 39.
37
Calculate the remainder when 689341 is divided by 2071.
1769
Calculate the remainder when 36630 is divided by 2775.
555
Calculate the remainder when 206319454 is divided by 24.
22
What is the remainder when 1093389 is divided by 109281?
579
Calculate the remainder when 10156029 is divided by 1289.
1287
What is the remainder when 293028 is divided by 513?
105
What is the remainder when 27248765 is divided by 16?
13
What is the remainder when 1106416 is divided by 142?
94
What is the remainder when 890271 is divided by 147847?
3189
What is the remainder when 105734069 is divided by 808?
805
Calculate the remainder when 8158574 is divided by 2719487.
113
What is the remainder when 159563432 is divided by 249?
248
Calculate the remainder when 84020 is divided by 2013.
1487
Calculate the remainder when 2326674 is divided by 581662.
26
What is the remainder when 648995 is divided by 394?
77
What is the remainder when 231882 is divided by 15439?
297
What is the remainder when 219710623 is divided by 925?
923
Calculate the remainder when 338056 is divided by 393.
76
What is the remainder when 134412 is divided by 1430?
1422
What is the remainder when 52733 is divided by 69?
17
Calculate the remainder when 3316314 is divided by 829049.
118
What is the remainder when 8279587 is divided by 17142?
1
What is the remainder when 2056591 is divided by 1195?
1191
What is the remainder when 12763 is divided by 11358?
1405
What is the remainder when 1854591 is divided by 6843?
138
What is the remainder when 4031769 is divided by 234?
183
What is the remainder when 130041 is divided by 40648?
8097
What is the remainder when 22014 is divided by 1131?
525
What is the remainder when 9615302 is divided by 79?
54
Calculate the remainder when 20507251 is divided by 1330.
1311
Calculate the remainder when 9008708 is divided by 3002783.
359
Calculate the remainder when 4963216 is divided by 108.
76
What is the remainder when 1217481 is divided by 3?
0
What is the remainder when 9305695 is divided by 152?
103
What is the remainder when 145330 is divided by 6316?
62
Calculate the remainder when 1037491 is divided by 5768.
5019
Calculate the remainder when 968622 is divided by 124.
58
Calculate the remainder when 622 is divided by 98.
34
What is the remainder when 7004343 is divided by 286?
203
Calculate the remainder when 252279 is divided by 280.
279
What is the remainder when 3713995 is divided by 1856966?
63
What is the remainder when 265447 is divided by 1025?
997
What is the remainder when 756739 is divided by 4548?
1771
Calculate the remainder when 347006 is divided by 142.
100
Calculate the remainder when 32502598 is divided by 70.
58
Calculate the remainder when 6500656 is divided by 1313.
1306
Calculate the remainder when 411878 is divided by 149.
42
Calculate the remainder when 26420 is divided by 8700.
320
Calculate the remainder when 203086892 is divided by 15786.
2
What is the remainder when 305534 is divided by 2728?
2726
What is the remainder when 228157 is divided by 76050?
7
Calculate the remainder when 4888936 is divided by 2443921.
1094
Calculate the remainder when 14059446 is divided by 6638.
162
Calculate the remainder when 40957633 is divided by 19.
17
What is the remainder when 302187009 is divided by 100?
9
What is the remainder when 48423776 is divided by 684?
680
Calculate the remainder when 9088032 is divided by 1009780.
12
Calculate the remainder when 321188 is divided by 10.
8
What is the remainder when 946301 is divided by 4010?
3951
Calculate the remainder when 14635830 is divided by 75.
30
What is the remainder when 835156 is divided by 417574?
8
What is the remainder when 133178 is divided by 132705?
473
Calculate the remainder when 91461031 is divided by 104.
103
Calculate the remainder when 555160 is divided by 2313.
40
What is the remainder when 11259644 is divided by 4767?
4757
What is the remainder when 420680 is divided by 152?
96
Calculate the remainder when 3565938 is divided by 128.
114
What is the remainder when 1759131 is divided by 439781?
7
Calculate the remainder when 138290 is divided by 8637.
98
What is the remainder when 2654125 is divided by 279?
277
Calculate the remainder when 98997504 is divided by 466.
464
What is the remainder when 319102 is divided by 814?
14
What is the remainder when 4857904 is divided by 2428947?
10
Calculate the remainder when 88251 is divided by 418.
53
What is the remainder when 318725 is divided by 52949?
1031
What is the remainder when 289076 is divided by 318?
14
What is the remainder when 57300 is divided by 19028?
216
What is the remainder when 620985 is divided by 8?
1
Calculate the remainder when 217190 is divided by 2307.
332
What is the remainder when 195543 is divided by 275?
18
Calculate the remainder when 560879 is divided by 254.
47
Calculate the remainder when 25668927 is divided by 15.
12
Calculate the remainder when 547687805 is divided by 17.
12
Calculate the remainder when 127228 is divided by 42095.
943
Calculate the remainder when 1768844 is divided by 620.
604
Calculate the remainder when 512124 is divided by 59.
4
What is the remainder when 936172 is divided by 2022?
2008
Calculate the remainder when 2192830 is divided by 137035.
270
What is the remainder when 118710 is divided by 16580?
2650
What is the remainder when 56881 is divided by 3785?
106
Calculate the remainder when 384259 is divided by 48.
19
What is the remainder when 128188 is divided by 3506?
1972
What is the remainder when 9116480 is divided by 125?
105
Calculate the remainder when 72696 is divided by 68.
4
What is the remainder when 20266 is divided by 1472?
1130
What is the remainder when 314508 is divided by 2968?
2868
What is the remainder when 276320 is divided by 46052?
8
Calculate the remainder when 13311 is divided by 1328.
31
Calculate the remainder when 9557080 is divided by 1897.
1891
What is the remainder when 12086099 is divided by 1300?
1299
Calculate the remainder when 226598987 is divided by 115.
112
What is the remainder when 5741757 is divided by 341?
340
What is the remainder when 7053139 is divided by 390?
379
What is the remainder when 139777 is divided by 1363?
751
What is the remainder when 86458 is divided by 166?
138
What is the remainder when 839262 is divided by 1801?
1797
Calculate the remainder when 13903743 is divided by 38.
37
What is the remainder when 772028 is divided by 1897?
1846
Calculate the remainder when 5571 is divided by 3230.
2341
What is the remainder when 477845 is divided by 47723?
615
Calculate the remainder when 1832361 is divided by 1713.
1164
What is the remainder when 4584715 is divided by 14?
9
Calculate the remainder when 433390 is divided by 2281.
0
Calculate the remainder when 1408088 is divided by 492.
476
What is the remainder when 54009 is divided by 1286?
1283
Calculate the remainder when 76369348 is divided by 9546168.
4
What is the remainder when 634361 is divided by 211425?
86
What is the remainder when 1424425 is divided by 1995?
1990
What is the remainder when 1884322 is divided by 188?
186
Calculate the remainder when 12250 is divided by 3309.
2323
Calculate the remainder when 8507869 is divided by 289.
287
Calculate the remainder when 193748 is divided by 27677.
9
What is the remainder when 2906093 is divided by 968422?
827
Calculate the remainder when 77450 is divided by 1139.
1137
What is the remainder when 2508067 is divided by 2575?
17
Calculate the remainder when 25427526 is divided by 72650.
26
Calculate the remainder when 27564416 